e remainder when 237155 is divided by 616.
611
What is the remainder when 10562 is divided by 136?
90
What is the remainder when 551162 is divided by 4555?
7
Calculate the remainder when 6230 is divided by 152.
150
What is the remainder when 139191 is divided by 274?
273
Calculate the remainder when 12016 is divided by 29.
10
Calculate the remainder when 3965 is divided by 208.
13
What is the remainder when 3582 is divided by 15?
12
Calculate the remainder when 688 is divided by 337.
14
What is the remainder when 2333 is divided by 355?
203
Calculate the remainder when 7676 is divided by 639.
8
What is the remainder when 3232 is divided by 1713?
1519
What is the remainder when 4154 is divided by 277?
276
What is the remainder when 69887 is divided by 7712?
479
Calculate the remainder when 172995 is divided by 2883.
15
Calculate the remainder when 17017 is divided by 2108.
153
What is the remainder when 156819 is divided by 100?
19
What is the remainder when 221995 is divided by 46?
45
Calculate the remainder when 53585 is divided by 98.
77
What is the remainder when 749410 is divided by 35?
25
Calculate the remainder when 99944 is divided by 15.
14
What is the remainder when 171588 is divided by 829?
814
What is the remainder when 648228 is divided by 913?
911
What is the remainder when 217461 is divided by 41?
38
Calculate the remainder when 1923 is divided by 221.
155
Calculate the remainder when 6093 is divided by 202.
33
What is the remainder when 82835 is divided by 16567?
0
Calculate the remainder when 233726 is divided by 44.
42
Calculate the remainder when 10983 is divided by 56.
7
Calculate the remainder when 7364823 is divided by 1105.
1103
What is the remainder when 1570 is divided by 111?
16
What is the remainder when 155068 is divided by 18?
16
What is the remainder when 200785 is divided by 3861?
13
What is the remainder when 14119 is divided by 74?
59
What is the remainder when 24312 is divided by 24242?
70
Calculate the remainder when 1285634 is divided by 1041.
1040
What is the remainder when 164162 is divided by 32828?
22
Calculate the remainder when 2931821 is divided by 13.
9
What is the remainder when 9781 is divided by 3571?
2639
Calculate the remainder when 211390 is divided by 30.
10
Calculate the remainder when 4217 is divided by 72.
41
What is the remainder when 12221 is divided by 42?
41
Calculate the remainder when 8227666 is divided by 12.
10
What is the remainder when 8633 is divided by 4225?
183
What is the remainder when 57808 is divided by 137?
131
Calculate the remainder when 2898627 is divided by 963.
960
Calculate the remainder when 60926 is divided by 13.
8
Calculate the remainder when 3191 is divided by 1036.
83
What is the remainder when 243242 is divided by 189?
188
What is the remainder when 2343194 is divided by 255?
254
What is the remainder when 30259 is divided by 88?
75
Calculate the remainder when 2749 is divided by 203.
110
What is the remainder when 17615 is divided by 265?
125
What is the remainder when 20035 is divided by 370?
55
What is the remainder when 798287 is divided by 761?
759
What is the remainder when 204308 is divided by 151?
5
Calculate the remainder when 8643 is divided by 21.
12
Calculate the remainder when 2188 is divided by 1088.
12
Calculate the remainder when 86284 is divided by 764.
716
Calculate the remainder when 12345 is divided by 126.
123
What is the remainder when 14883 is divided by 2029?
680
What is the remainder when 36889 is divided by 116?
1
What is the remainder when 37415 is divided by 13?
1
Calculate the remainder when 517865 is divided by 5.
0
Calculate the remainder when 982798 is divided by 78.
76
What is the remainder when 101853 is divided by 101830?
23
What is the remainder when 14243 is divided by 2847?
8
Calculate the remainder when 2446 is divided by 708.
322
Calculate the remainder when 225968 is divided by 36.
32
What is the remainder when 228902 is divided by 85?
82
What is the remainder when 57939 is divided by 2414?
3
What is the remainder when 5116 is divided by 203?
41
What is the remainder when 1238 is divided by 69?
65
Calculate the remainder when 269359 is divided by 13.
12
What is the remainder when 8853 is divided by 56?
5
What is the remainder when 73245 is divided by 256?
29
What is the remainder when 13518 is divided by 11?
10
Calculate the remainder when 6068 is divided by 2984.
100
Calculate the remainder when 9569 is divided by 87.
86
Calculate the remainder when 1335 is divided by 455.
425
Calculate the remainder when 14847 is divided by 14831.
16
What is the remainder when 6247 is divided by 355?
212
What is the remainder when 6740 is divided by 568?
492
What is the remainder when 20229971 is divided by 37?
36
Calculate the remainder when 546116 is divided by 180.
176
Calculate the remainder when 268663 is divided by 44777.
1
Calculate the remainder when 266564 is divided by 66640.
4
What is the remainder when 15925 is divided by 13?
0
What is the remainder when 273035 is divided by 136514?
7
What is the remainder when 48244 is divided by 12059?
8
Calculate the remainder when 2431 is divided by 21.
16
Calculate the remainder when 101732 is divided by 33910.
2
What is the remainder when 349617 is divided by 1427?
2
What is the remainder when 779 is divided by 426?
353
Calculate the remainder when 336607 is divided by 10.
7
Calculate the remainder when 1506038 is divided by 230.
228
What is the remainder when 199744 is divided by 41?
33
Calculate the remainder when 96087 is divided by 2742.
117
Calculate the remainder when 9715 is divided by 45.
40
What is the remainder when 16100 is divided by 171?
26
What is the remainder when 81744 is divided by 6776?
432
What is the remainder when 60757 is divided by 741?
736
Calculate the remainder when 133760 is divided by 33434.
24
What is the remainder when 4067 is divided by 504?
35
What is the remainder when 208409 is divided by 25?
9
What is the remainder when 9181 is divided by 191?
13
Calculate the remainder when 27137 is divided by 8.
1
Calculate the remainder when 19798 is divided by 3155.
868
Calculate the remainder when 71235 is divided by 149.
13
Calculate the remainder when 68911 is divided by 236.
235
Calculate the remainder when 89784 is divided by 519.
516
What is the remainder when 12037 is divided by 65?
12
Calculate the remainder when 23703 is divided by 341.
174
What is the remainder when 54202 is divided by 537?
502
Calculate the remainder when 1520 is divided by 313.
268
What is the remainder when 4952 is divided by 1648?
8
Calculate the remainder when 957 is divided by 37.
32
What is the remainder when 34720 is divided by 1157?
10
Calculate the remainder when 397029 is divided by 608.
5
What is the remainder when 381 is divided by 99?
84
Calculate the remainder when 2232 is divided by 559.
555
What is the remainder when 85696 is divided by 252?
16
What is the remainder when 23213 is divided by 1051?
91
What is the remainder when 4364 is divided by 725?
14
What is the remainder when 240083 is divided by 702?
701
What is the remainder when 125 is divided by 38?
11
What is the remainder when 7266 is divided by 1194?
102
Calculate the remainder when 810063 is divided by 95.
93
What is the remainder when 22611 is divided by 266?
1
Calculate the remainder when 12177 is divided by 85.
22
What is the remainder when 5670 is divided by 2624?
422
What is the remainder when 17479 is divided by 26?
7
Calculate the remainder when 63904 is divided by 120.
64
What is the remainder when 494254 is divided by 67?
62
Calculate the remainder when 2398 is divided by 1475.
923
What is the remainder when 20879 is divided by 988?
131
What is the remainder when 216668 is divided by 108329?
10
What is the remainder when 520131 is divided by 57792?
3
What is the remainder when 33422 is divided by 1233?
131
What is the remainder when 252404 is divided by 705?
14
Calculate the remainder when 241483 is divided by 15.
13
Calculate the remainder when 12937 is divided by 6459.
19
What is the remainder when 3032 is divided by 33?
29
Calculate the remainder when 17993 is divided by 530.
503
Calculate the remainder when 1439653 is divided by 20.
13
Calculate the remainder when 1647 is divided by 359.
21